 - 549 = -3*o + 146. Suppose -196 = -25*f + o. What is the greatest common divisor of f and 221?
17
Let w be (-616)/(-21) - (-2)/(-6). Suppose 221 = -9*r + 22*r. Suppose -18*y = -r*y - 232. Calculate the highest common factor of w and y.
29
Let n(h) = 88*h - 1403. Let f be n(16). Let v = 272 + -147. Suppose 9*w - v = 4*w. What is the greatest common factor of w and f?
5
Suppose k + 8 - 7 = 0. Let h be 15 + 3 + 3/k. Let i(z) = z**2 - 16*z + 18. Let g be i(h). What is the greatest common divisor of 12 and g?
3
Suppose u - 3*f = -17 - 5, 5 = 5*f. Let g = u - -74. Suppose 8*y - 367 = -g. Calculate the highest common divisor of y and 3.
3
Let f be ((-45)/(-2))/(10/20). Let n be 5*-6*(-6)/f. Let i be -1*(0 - n) - -17. Calculate the highest common divisor of i and 231.
21
Let i = -797 + 800. Let g be (-36)/12*(-13)/i. What is the highest common factor of g and 1?
1
Let y = 79 - 75. Let i(l) = 2*l - 4. Let d be i(y). Suppose -2*k + k = h - 69, -d*k - 2*h = -278. What is the highest common divisor of 14 and k?
14
Let n be 3*4/3 + 14. Let i be (n*-2 + 4)*-1. Let t = i + 18. Calculate the greatest common divisor of 20 and t.
10
Suppose -3*x + 13776 = 3*z, 2*x - 13908 - 9046 = -5*z. What is the highest common divisor of z and 170?
170
Let s be (-24)/((-120)/10) + 13. Calculate the greatest common factor of s and 21.
3
Let j(f) = -2*f - 10. Let o be j(-6). Suppose 0 = -4*d + o + 30. Let c = d + 13. What is the greatest common divisor of 168 and c?
21
Suppose -670*i - 52 = -671*i. Let r = 144 - 118. What is the highest common factor of r and i?
26
Let r(o) = 11*o + 200. Let v be r(-12). Suppose 57 = -5*l - 4*k + 296, -98 = -2*l - k. Calculate the highest common factor of l and v.
17
Let n be (35/(-28) + 2)*(-8 + 0). Let m be ((-20)/n)/((-4)/(-6)). Calculate the greatest common divisor of m and 80.
5
Suppose 156*j + 48 = 158*j. Calculate the highest common divisor of 636 and j.
12
Let z be 35*(6/39)/((-49)/(-91)). Calculate the greatest common factor of z and 9430.
10
Let m be (-33 - -1925)/((8/(-12))/((-16)/12)). Calculate the highest common divisor of m and 440.
88
Let c(j) = j**3 + 12*j**2 - 9*j + 338. Let f be c(-14). Let a = 152 + 76. What is the highest common divisor of a and f?
12
Let c = 1319 + -669. Suppose c*i - 646*i - 80 = 0. What is the highest common divisor of i and 270?
10
Suppose -22*y - 98 = 408. Let n = y - -53. Calculate the greatest common divisor of 6 and n.
6
Suppose 4 = -3*r + k + 11, -5*k = 4*r - 22. Let w be ((-7)/(-2) + (-33)/11)*-10. Let b be w*(45/25)/(-3). What is the greatest common divisor of r and b?
3
Suppose -5*r = z - 187, -4*z + 355 = r - 412. Suppose 2*l - 8 = -0*l - 2*g, 0 = -3*l + g + 20. Calculate the greatest common factor of l and z.
6
Let b = 159 + -26. Let n = -119 + b. Calculate the greatest common divisor of n and 28.
14
Suppose 2*w = 5*b + 17, 10*b + 12 = 6*b. Let m be ((-3)/(-3)*w - 7)/(-1). Calculate the highest common divisor of 27 and m.
3
Let r be -9*18/729 - ((-488)/9 - 2). What is the greatest common divisor of r and 315?
7
Let d be 22 + 1 - (-1 + 4). Let c be 88/d + 2/(-5). Let x(m) = -5*m - 24. Let q be x(-12). Calculate the highest common factor of q and c.
4
Let u = -596 + 605. Let s(z) = -15*z + 167. Let a be s(u). Calculate the greatest common divisor of 288 and a.
32
Suppose -6*o = -5*q - 2*o + 9812, q = -3*o + 1951. Let k be 4/(-6) - q/(-6). Suppose k = 4*h - 202. What is the highest common factor of h and 12?
12
Let o(r) = -r + 6. Let c = 206 + -202. Let x be o(c). Calculate the highest common divisor of 74 and x.
2
Let s be 88/60*-3*-5. Let m = -13 - s. Let r be -3 + ((-4)/(-10) - 1316/m). What is the highest common factor of r and 14?
7
Let g be -4 + 5345 + 0/(-1 + -1). Calculate the highest common factor of 109 and g.
109
Let x(j) = -6*j**2 + 10*j + 89. Let u be x(-10). Let h = u - -651. Let r be (1 - 4)/((-6)/40). What is the greatest common factor of h and r?
20
Let p(s) = -s**3 - 76*s**2 - 21*s - 1343. Let u be p(-76). What is the greatest common factor of u and 33?
11
Suppose 4*z - 20 = -q, 20 = -457*q + 458*q - 4*z. Suppose 4*w - 20 = -4*j, j - 30 = -0*w + 4*w. What is the highest common factor of j and q?
10
Suppose w + 16*k = 19*k + 312, 0 = -4*w - k + 1183. What is the greatest common factor of 2673 and w?
297
Suppose -167*h - 4 = -169*h. Suppose 714 = 3*m - 4*k, h*m - k - 208 - 263 = 0. What is the highest common divisor of m and 26?
26
Let o = -1035 + 1096. Let l(s) = 10*s**2 + s - 1. Let p be l(-5). Calculate the greatest common factor of p and o.
61
Let r be (-3)/(-4)*((-2 - 4) + 34). Suppose -3 = r*m - 24. Let d = 8 - 6. What is the greatest common divisor of m and d?
1
Let a be 2989/35 + 2/(-5). Let c be (a/51)/(1/42). Suppose -m + 24 = -4*r, 108 = 5*m + 5*r - 37. Calculate the greatest common factor of c and m.
14
Suppose 18*a + 4*a + 81 = 389. Calculate the highest common divisor of 1134 and a.
14
Suppose -2*p - 3*k = -4*k - 14, 5*p - 9 = -4*k. Calculate the highest common divisor of p and 1355.
5
Let a be -11 + 37058/63 - 4/18. Let p = -17 + a. What is the greatest common divisor of p and 56?
56
Suppose 5*t = n - 99, -170 = -4*n + 3*t + 243. Suppose 4*x = -106 + 590. Let y = x - n. What is the highest common divisor of y and 187?
17
Suppose 0 = 54*i - 18*i - 12528. Calculate the greatest common divisor of 812 and i.
116
Suppose -112*d + 109*d = 21. Let l be -29 + 28 + 7/(d/(-12)). Calculate the highest common factor of 583 and l.
11
Suppose -4*d + 168 = 2*j, j - 2*d - 64 - 4 = 0. Suppose -p - 2 = -6. What is the highest common divisor of j and p?
4
Let v(l) = -2*l**3 - 82*l**2 - 7*l - 273. Let b be v(-43). What is the greatest common factor of 256 and b?
256
Suppose 5*p = -146 + 56. Let d be (p/21)/((-3)/231). Suppose 4*n - 3*k - 73 = 0, 115 = 5*n - 0*k + k. What is the greatest common factor of d and n?
22
Let k(y) = -y**3 + 9*y**2 - y - 43. Let t be k(7). Let h be ((-16)/t)/((-706)/(-354) + -2). Calculate the highest common divisor of 649 and h.
59
Let r(u) = 225*u - 1465. Let m be r(7). Let q = -69 - -234. Calculate the highest common divisor of q and m.
55
Suppose 0 = -318*s + 2866291 + 606269. What is the greatest common factor of s and 270?
30
Suppose -103*k - 18696 = -105*k + 4*z, 2*k = -z + 18686. What is the highest common factor of 256 and k?
128
Suppose -36 = -8*d + 6*d. Let g be 2 + -5*4/(-20). Suppose -2 = -4*a + 6, -g*q + 3*a = -d. What is the highest common divisor of 72 and q?
8
Suppose 0*j + 3*j + 177 = 3*p, -4*j - 176 = -3*p. Let d = -94 + 196. Suppose -d*l + p = -97*l. What is the highest common factor of l and 192?
12
Suppose 3*s - 37 - 3 = -2*w, 2*s - 29 = w. Calculate the highest common factor of s and 273.
7
Let t(f) = -f**3 + 11*f**2 - 36*f - 238. Let z be t(-11). Calculate the greatest common factor of 120 and z.
60
Let t be (10 - 5) + 7 - -78. What is the highest common divisor of 1476 and t?
18
Let f = -176 - -187. Suppose 7*y = f*y - 8. Calculate the highest common divisor of y and 4.
2
Let q(h) = 3*h**2 + 6*h - 13. Let j be q(-9). Suppose -183*c + 16 = -182*c. What is the greatest common divisor of c and j?
16
Let y be ((-80)/6)/((-4)/18). Suppose 28*o - 56*o - 140 = -35*o. Calculate the highest common factor of y and o.
20
Let l be (-9)/(-21) + (85440/364 - (-8)/(-52)). Calculate the highest common divisor of 376 and l.
47
Suppose -4*s + 0*h + 48 = 4*h, -2*h + 48 = 4*s. Let d(v) = -s - 16 + 38 - 34 + 3*v. Let t be d(11). Calculate the highest common divisor of 45 and t.
9
Suppose 38094 = 167*n - 4157. What is the greatest common divisor of 275 and n?
11
Let l = 247 - 259. Let q be 9/l + 174*(-2)/(-16). Calculate the greatest common divisor of q and 21.
21
Let x = 14792 + -14492. Let p be ((-8)/1)/((-8)/36). Calculate the highest common divisor of p and x.
12
Let z be (-242935)/(-616) - 3/8. Calculate the greatest common factor of 17533 and z.
197
Let o be -2 + 2212/4 - 4. Let h = 581 - o. What is the greatest common factor of 10 and h?
2
Let m be 10 + (11 - 10) + 9. Suppose 7*h - 2*h - 358 = -2*w, 0 = 5*h + m. Let t(o) = -26*o + 1. Let d be t(-1). What is the highest common divisor of d and w?
27
Suppose -51*o = -30*o + 106*o - 130048. Calculate the greatest common factor of o and 100.
4
Let o be -230*(10/(-4) - -1). Suppose -646*f - 3117 +